{"id":283,"date":"2023-02-20T11:01:35","date_gmt":"2023-02-20T08:01:35","guid":{"rendered":"http:\/\/www.zonguldakarge.com\/?page_id=283"},"modified":"2023-02-20T11:01:36","modified_gmt":"2023-02-20T08:01:36","slug":"gizlilik-ve-etik-anlayisimiz","status":"publish","type":"page","link":"https:\/\/www.zonguldakarge.com\/?page_id=283","title":{"rendered":"Gizlilik ve Etik Anlay\u0131\u015f\u0131m\u0131z"},"content":{"rendered":"\n<p class=\"has-large-font-size\">Gizlilik ve Etik Anlay\u0131\u015f\u0131m\u0131z<\/p>\n\n\n\n<p>Deney sonu\u00e7lar\u0131 da d\u00e2hil Zonguldak Arge Yap\u0131 Malzemeleri Test Laboratuvar\u0131 m\u00fc\u015fterilerine ait hi\u00e7 bir bilgiyi ve tescilli hakk\u0131, m\u00fc\u015fteri yetkili temsilcisinin yaz\u0131l\u0131 izni olmadan \u00fc\u00e7\u00fcnc\u00fc ki\u015filer ile payla\u015fmamay\u0131,<br>Herhangi bir test sonucu hakk\u0131nda, Zonguldak Arge Yap\u0131 Malzemeleri Test Laboratuvar\u0131 yetkilileri hari\u00e7 Laboratuvar d\u0131\u015f\u0131nda konu\u015fmamay\u0131,<\/p>\n\n\n\n<p>Numune al\u0131nmas\u0131ndan ba\u015flayarak, deneyin sonu\u00e7land\u0131r\u0131l\u0131p raporunun haz\u0131rlanmas\u0131 a\u015famas\u0131na kadar edindi\u011fim t\u00fcm bilgileri ilgili m\u00fc\u015fteri yetkililerinden ba\u015fkas\u0131 ile payla\u015fmamay\u0131,<\/p>\n\n\n\n<p>M\u00fc\u015fteri, tedarik\u00e7i veya Zonguldak Arge Yap\u0131 Malzemeleri Test Laboratuvar\u0131\u2018n\u0131n y\u00fcr\u00fctt\u00fc\u011f\u00fc bir faaliyet ile ilgilen ki\u015fi veya kurumlardan, hediye veya komisyon almamay\u0131,<\/p>\n\n\n\n<p>Elde edilecek deney sonu\u00e7lar\u0131ndan fayda sa\u011flamamay\u0131,<\/p>\n\n\n\n<p>Herhangi bir i\u015fe ait deney sonu\u00e7lar\u0131 ile ilgili olarak, di\u011fer ki\u015filer veya hangi y\u00f6netim kademesinde olursa olsun di\u011fer bir Zonguldak Arge Yap\u0131 Malzemeleri Test Laboratuvar\u0131 personeli taraf\u0131ndan yap\u0131lacak her hangi bir etki veya bask\u0131 giri\u015fimininden, gecikmeksizin Zonguldak Arge Yap\u0131 Malzemeleri Test Laboratuvar\u0131 \u015eirket M\u00fcd\u00fcr\u00fc \u2018n\u00fc s\u00f6zl\u00fc veya yaz\u0131l\u0131 olarak haberdar etmeyi,<\/p>\n\n\n\n<p>Her zaman tam bir do\u011fruluk ve d\u00fcr\u00fcstl\u00fck i\u00e7erisinde performans g\u00f6stermeyi, deney sonu\u00e7lar\u0131n\u0131 t\u00fcm bilgilerimi kullanarak, deney metodunun gerektirdi\u011fi hassasiyet ve do\u011frulukta rapor etmeyi,<\/p>\n\n\n\n<p>\u015eirket olarak bir g\u00f6rev biliriz.<\/p>\n\n\n<p><\/p>\n","protected":false},"excerpt":{"rendered":"<p>Gizlilik ve Etik Anlay\u0131\u015f\u0131m\u0131z Deney sonu\u00e7lar\u0131 da d\u00e2hil Zonguldak Arge Yap\u0131 Malzemeleri Test Laboratuvar\u0131 m\u00fc\u015fterilerine ait hi\u00e7 bir bilgiyi ve tescilli hakk\u0131, m\u00fc\u015fteri yetkili temsilcisinin yaz\u0131l\u0131 izni olmadan \u00fc\u00e7\u00fcnc\u00fc ki\u015filer ile payla\u015fmamay\u0131,Herhangi bir test sonucu hakk\u0131nda, Zonguldak Arge Yap\u0131 Malzemeleri Test Laboratuvar\u0131 yetkilileri hari\u00e7 Laboratuvar d\u0131\u015f\u0131nda konu\u015fmamay\u0131, Numune al\u0131nmas\u0131ndan ba\u015flayarak, deneyin sonu\u00e7land\u0131r\u0131l\u0131p raporunun haz\u0131rlanmas\u0131 a\u015famas\u0131na &hellip; <a href=\"https:\/\/www.zonguldakarge.com\/?page_id=283\" class=\"more-link\">Continue reading<span class=\"screen-reader-text\"> &#8220;Gizlilik ve Etik Anlay\u0131\u015f\u0131m\u0131z&#8221;<\/span><\/a><\/p>\n","protected":false},"author":1,"featured_media":0,"parent":0,"menu_order":0,"comment_status":"closed","ping_status":"closed","template":"","meta":{"footnotes":""},"_links":{"self":[{"href":"https:\/\/www.zonguldakarge.com\/index.php?rest_route=\/wp\/v2\/pages\/283"}],"collection":[{"href":"https:\/\/www.zonguldakarge.com\/index.php?rest_route=\/wp\/v2\/pages"}],"about":[{"href":"https:\/\/www.zonguldakarge.com\/index.php?rest_route=\/wp\/v2\/types\/page"}],"author":[{"embeddable":true,"href":"https:\/\/www.zonguldakarge.com\/index.php?rest_route=\/wp\/v2\/users\/1"}],"replies":[{"embeddable":true,"href":"https:\/\/www.zonguldakarge.com\/index.php?rest_route=%2Fwp%2Fv2%2Fcomments&post=283"}],"version-history":[{"count":1,"href":"https:\/\/www.zonguldakarge.com\/index.php?rest_route=\/wp\/v2\/pages\/283\/revisions"}],"predecessor-version":[{"id":284,"href":"https:\/\/www.zonguldakarge.com\/index.php?rest_route=\/wp\/v2\/pages\/283\/revisions\/284"}],"wp:attachment":[{"href":"https:\/\/www.zonguldakarge.com\/index.php?rest_route=%2Fwp%2Fv2%2Fmedia&parent=283"}],"curies":[{"name":"wp","href":"https:\/\/api.w.org\/{rel}","templated":true}]}}