{"id":280,"date":"2023-02-20T10:56:41","date_gmt":"2023-02-20T07:56:41","guid":{"rendered":"http:\/\/www.zonguldakarge.com\/?page_id=280"},"modified":"2023-02-20T10:56:42","modified_gmt":"2023-02-20T07:56:42","slug":"kalite-politikamiz-ve-ilkelerimiz","status":"publish","type":"page","link":"https:\/\/www.zonguldakarge.com\/?page_id=280","title":{"rendered":"Kalite Politikam\u0131z ve \u0130lkelerimiz"},"content":{"rendered":"\n<p class=\"has-large-font-size\">Kalite Politikam\u0131z ve \u0130lkelerimiz<\/p>\n\n\n\n<p>Zonguldak Arge Yap\u0131 Malzeme Laboratuvar\u0131\u2019n\u0131n misyonu yap\u0131larda zemin, beton ve yap\u0131 \u00e7eli\u011fi kalitesinin denetimi yoluyla yap\u0131n\u0131n deprem g\u00fcvenli\u011fi a\u00e7\u0131s\u0131ndan daha sa\u011fl\u0131kl\u0131 bir seviyeye ta\u015f\u0131nmas\u0131na hizmet etmektir.<\/p>\n\n\n\n<p><br>4708 Say\u0131l\u0131 Kanun kapsam\u0131nda Faaliyet G\u00f6steren yap\u0131 denetim \u015firketlerinden ve di\u011fer ki\u015fi ve kurulu\u015flardan (TOK\u0130, EMLAK GYO, DEN\u0130ZC\u0130L\u0130K \u0130\u015eLETMELER\u0130, KARAYOLLARI GENEL M\u00dcD\u00dcRL\u00dc\u011e\u00dc, M\u0130LL\u0130 E\u011e\u0130T\u0130M BAKANLI\u011eI, \u0130L \u00d6ZEL \u0130DARELER vs.) gelen deney taleplerini kar\u015f\u0131lamak amac\u0131yla kurulan \u015firketimizin yap\u0131 malzemesi laboratuvar\u0131nda; TS EN ISO\/ IEC 17025 standard\u0131na g\u00f6re; kurulu kalite sistemiyle, ilgili kanun, genelge, standart, y\u00f6netmelik ve \u015fartnamelere uygun olarak kaliteden ve d\u00fcr\u00fcstl\u00fckten \u00f6d\u00fcn vermeden zaman\u0131nda, yeterli, tarafs\u0131z, g\u00fcvenilir, deney hizmeti vermektir.<\/p>\n\n\n\n<p><br>Kalite politikas\u0131; ge\u00e7erlili\u011fi kabul edilmi\u015f deney y\u00f6ntemlerinin uygulanmas\u0131 ile tekrarlanabilir analiz ko\u015fullar\u0131n\u0131n sa\u011fland\u0131\u011f\u0131 laboratuvar ko\u015fullar\u0131nda nitelikli ve e\u011fitimli personel, m\u00fc\u015fteriye kar\u015f\u0131 ilgili, a\u00e7\u0131k, net tutum ve kar\u015f\u0131l\u0131kl\u0131 bilgi al\u0131\u015fveri\u015finin sa\u011flanmas\u0131, m\u00fc\u015fteri bilgilerinin gizlili\u011fi ve tarafs\u0131zl\u0131k vb. hususlar\u0131 i\u00e7in gerekenler sa\u011flan\u0131r.<\/p>\n\n\n\n<p><br>Zonguldak Arge Yap\u0131 \u0130n\u015faat Malzeme Laboratuvar\u0131\u2019n\u0131n kalite anlay\u0131\u015f\u0131, ISO 17025 standard\u0131 uyar\u0131nca laboratuvar y\u00f6netiminin t\u00fcm fonksiyonlar\u0131nda, en \u00fcst seviyede kaliteyi ve kal\u0131c\u0131 m\u00fc\u015fteri memnuniyetini sa\u011flamakt\u0131r. Bu anlamda, do\u011fru ve g\u00fcvenilir analiz sonu\u00e7lar\u0131n\u0131n, m\u00fcmk\u00fcn en k\u0131sa zamanda m\u00fc\u015fteriye ula\u015ft\u0131r\u0131lmas\u0131 \u00f6nemlidir. Kalite sadece kalite ekibinin de\u011fil, laboratuvar \u00e7al\u0131\u015fanlar\u0131n\u0131n t\u00fcm\u00fcn\u00fcn sorumlulu\u011funda olan bir i\u015ftir. Her bir laboratuvar \u00e7al\u0131\u015fan\u0131, laboratuvar kalite sistemi gereklerini yerine getirmek, sistemin etkinli\u011fini sa\u011flamaktan sorumludur.<\/p>\n\n\n\n<p><br><em>Kalite politikam\u0131z\u0131n temel amac\u0131;<br><\/em>\u2022&nbsp;&nbsp;&nbsp; Yap\u0131 denetim testlerinin ger\u00e7ekle\u015ftirilmesi sorunsuz \u015fekilde ger\u00e7ekle\u015ftirilmesi<br>\u2022&nbsp;&nbsp;&nbsp; Standart deney metodlar\u0131na uygun analiz hizmeti sunulmas\u0131<br>\u2022&nbsp;&nbsp;&nbsp; Kalite artt\u0131rma ve ara\u015ft\u0131rmaya y\u00f6nelik \u00e7al\u0131\u015fmalar\u0131n ve toplant\u0131lar\u0131n firma i\u00e7inde bir s\u00fcreklilik i\u00e7inde yap\u0131lmas\u0131<br>\u2022&nbsp;&nbsp;&nbsp; Kentsel D\u00f6n\u00fc\u015f\u00fcm ve Bina Risk Analizi hizmetlerinin uzman kadro ile yap\u0131lmas\u0131<\/p>\n\n\n\n<p><br>Konular\u0131nda in\u015faat malzeme sekt\u00f6r\u00fc, yap\u0131 denetim kurumlar\u0131, kamu kurulu\u015flar\u0131, ba\u011f\u0131ms\u0131z kurulu\u015flar vb. kurumlara ve siz de\u011ferli halk\u0131m\u0131za destek ve hizmet vermektir.<\/p>\n\n\n<p><\/p>\n","protected":false},"excerpt":{"rendered":"<p>Kalite Politikam\u0131z ve \u0130lkelerimiz Zonguldak Arge Yap\u0131 Malzeme Laboratuvar\u0131\u2019n\u0131n misyonu yap\u0131larda zemin, beton ve yap\u0131 \u00e7eli\u011fi kalitesinin denetimi yoluyla yap\u0131n\u0131n deprem g\u00fcvenli\u011fi a\u00e7\u0131s\u0131ndan daha sa\u011fl\u0131kl\u0131 bir seviyeye ta\u015f\u0131nmas\u0131na hizmet etmektir. 4708 Say\u0131l\u0131 Kanun kapsam\u0131nda Faaliyet G\u00f6steren yap\u0131 denetim \u015firketlerinden ve di\u011fer ki\u015fi ve kurulu\u015flardan (TOK\u0130, EMLAK GYO, DEN\u0130ZC\u0130L\u0130K \u0130\u015eLETMELER\u0130, KARAYOLLARI GENEL M\u00dcD\u00dcRL\u00dc\u011e\u00dc, M\u0130LL\u0130 E\u011e\u0130T\u0130M BAKANLI\u011eI, &hellip; <a href=\"https:\/\/www.zonguldakarge.com\/?page_id=280\" class=\"more-link\">Continue reading<span class=\"screen-reader-text\"> &#8220;Kalite Politikam\u0131z ve \u0130lkelerimiz&#8221;<\/span><\/a><\/p>\n","protected":false},"author":1,"featured_media":0,"parent":0,"menu_order":0,"comment_status":"closed","ping_status":"closed","template":"","meta":{"footnotes":""},"_links":{"self":[{"href":"https:\/\/www.zonguldakarge.com\/index.php?rest_route=\/wp\/v2\/pages\/280"}],"collection":[{"href":"https:\/\/www.zonguldakarge.com\/index.php?rest_route=\/wp\/v2\/pages"}],"about":[{"href":"https:\/\/www.zonguldakarge.com\/index.php?rest_route=\/wp\/v2\/types\/page"}],"author":[{"embeddable":true,"href":"https:\/\/www.zonguldakarge.com\/index.php?rest_route=\/wp\/v2\/users\/1"}],"replies":[{"embeddable":true,"href":"https:\/\/www.zonguldakarge.com\/index.php?rest_route=%2Fwp%2Fv2%2Fcomments&post=280"}],"version-history":[{"count":1,"href":"https:\/\/www.zonguldakarge.com\/index.php?rest_route=\/wp\/v2\/pages\/280\/revisions"}],"predecessor-version":[{"id":281,"href":"https:\/\/www.zonguldakarge.com\/index.php?rest_route=\/wp\/v2\/pages\/280\/revisions\/281"}],"wp:attachment":[{"href":"https:\/\/www.zonguldakarge.com\/index.php?rest_route=%2Fwp%2Fv2%2Fmedia&parent=280"}],"curies":[{"name":"wp","href":"https:\/\/api.w.org\/{rel}","templated":true}]}}