{"id":271,"date":"2023-02-20T10:05:01","date_gmt":"2023-02-20T07:05:01","guid":{"rendered":"http:\/\/www.zonguldakarge.com\/?page_id=271"},"modified":"2024-08-28T13:46:36","modified_gmt":"2024-08-28T10:46:36","slug":"kentsel-donusum-sureci-2-3-4-3-11","status":"publish","type":"page","link":"https:\/\/www.zonguldakarge.com\/?page_id=271","title":{"rendered":"Zonguldak Arge Yap\u0131 Kimdir?"},"content":{"rendered":"\n<p class=\"has-large-font-size\"><strong>Zonguldak Arge Yap\u0131 Kimdir?<\/strong><\/p>\n\n\n\n<p>2012 tarihi itibariyle Zonguldak Ar-Ge Yap\u0131 Malzemeleri Test Laboratuvar\u0131 San. Tic. Ltd. \u015eti unvan\u0131yla \u0130n\u015faat ve yap\u0131 malzemeleri test laboratuvar\u0131 hizmetleri alan\u0131ndaki \u00e7al\u0131\u015fmalar\u0131na ba\u015flad\u0131. Firmam\u0131z Zonguldak Merkez\u2019de 1947\u2019den beri faaliyet g\u00f6stermektedir.<br>Yo\u011fun rekabet ortam\u0131, m\u00fc\u015fteri ihtiya\u00e7lar\u0131n\u0131n analiz edilmesi, artan talepler, birbirine benzeyen hizmet ve stratejiler sebebiyle farkl\u0131la\u015fan m\u00fc\u015fteri beklentilerini kar\u015f\u0131lamak ad\u0131na &#8221;\u0130n\u015faat Yap\u0131 Laboratuvar\u0131&#8221; ve Deprem Testi&#8221; denilince ilk akla gelen &#8221;Yap\u0131 Laboratuvar\u0131&#8221; olma amac\u0131yla yola \u00e7\u0131kan Zonguldak Ar-Ge Yap\u0131 Laboratuvar\u0131; \u0130n\u015faat sekt\u00f6r\u00fcndeki yap\u0131lanmas\u0131n\u0131 tamamlayarak, edindi\u011fi &#8221;\u0130\u015f tecr\u00fcbesi, bilgi birikimi, teknolojik altyap\u0131s\u0131, tecr\u00fcbeli \u00e7al\u0131\u015fanlar\u0131, akademik \u00e7al\u0131\u015fma gruplar\u0131 ve deneyimli y\u00f6neticileri&#8221; ile y\u00fczlerce m\u00fc\u015fterisine kentsel d\u00f6n\u00fc\u015f\u00fcm, zemin, proje, r\u00f6leve, uygulama kontrol, yap\u0131 denetim, bina analizi, depremsellik et\u00fcd\u00fc, bina g\u00fc\u00e7lendirme uygulamalar\u0131 in\u015faat ve yap\u0131 laboratuvar alan\u0131nda hizmet vermeye ve m\u00fc\u015fterilerini y\u00f6nlendirmeye devam etmektedir.<\/p>\n\n\n\n<figure class=\"wp-block-image size-full\"><img loading=\"lazy\" decoding=\"async\" width=\"240\" height=\"125\" src=\"http:\/\/www.zonguldakarge.com\/wp-content\/uploads\/2023\/02\/cropped-logo2023-1.png\" alt=\"\" class=\"wp-image-90\"\/><\/figure>\n\n\n<p><\/p>\n","protected":false},"excerpt":{"rendered":"<p>Zonguldak Arge Yap\u0131 Kimdir? 2012 tarihi itibariyle Zonguldak Ar-Ge Yap\u0131 Malzemeleri Test Laboratuvar\u0131 San. Tic. Ltd. \u015eti unvan\u0131yla \u0130n\u015faat ve yap\u0131 malzemeleri test laboratuvar\u0131 hizmetleri alan\u0131ndaki \u00e7al\u0131\u015fmalar\u0131na ba\u015flad\u0131. Firmam\u0131z Zonguldak Merkez\u2019de 1947\u2019den beri faaliyet g\u00f6stermektedir.Yo\u011fun rekabet ortam\u0131, m\u00fc\u015fteri ihtiya\u00e7lar\u0131n\u0131n analiz edilmesi, artan talepler, birbirine benzeyen hizmet ve stratejiler sebebiyle farkl\u0131la\u015fan m\u00fc\u015fteri beklentilerini kar\u015f\u0131lamak ad\u0131na &#8221;\u0130n\u015faat &hellip; <a href=\"https:\/\/www.zonguldakarge.com\/?page_id=271\" class=\"more-link\">Continue reading<span class=\"screen-reader-text\"> &#8220;Zonguldak Arge Yap\u0131 Kimdir?&#8221;<\/span><\/a><\/p>\n","protected":false},"author":1,"featured_media":0,"parent":0,"menu_order":0,"comment_status":"closed","ping_status":"closed","template":"","meta":{"footnotes":""},"_links":{"self":[{"href":"https:\/\/www.zonguldakarge.com\/index.php?rest_route=\/wp\/v2\/pages\/271"}],"collection":[{"href":"https:\/\/www.zonguldakarge.com\/index.php?rest_route=\/wp\/v2\/pages"}],"about":[{"href":"https:\/\/www.zonguldakarge.com\/index.php?rest_route=\/wp\/v2\/types\/page"}],"author":[{"embeddable":true,"href":"https:\/\/www.zonguldakarge.com\/index.php?rest_route=\/wp\/v2\/users\/1"}],"replies":[{"embeddable":true,"href":"https:\/\/www.zonguldakarge.com\/index.php?rest_route=%2Fwp%2Fv2%2Fcomments&post=271"}],"version-history":[{"count":2,"href":"https:\/\/www.zonguldakarge.com\/index.php?rest_route=\/wp\/v2\/pages\/271\/revisions"}],"predecessor-version":[{"id":336,"href":"https:\/\/www.zonguldakarge.com\/index.php?rest_route=\/wp\/v2\/pages\/271\/revisions\/336"}],"wp:attachment":[{"href":"https:\/\/www.zonguldakarge.com\/index.php?rest_route=%2Fwp%2Fv2%2Fmedia&parent=271"}],"curies":[{"name":"wp","href":"https:\/\/api.w.org\/{rel}","templated":true}]}}