{"id":260,"date":"2023-02-20T09:48:16","date_gmt":"2023-02-20T06:48:16","guid":{"rendered":"http:\/\/www.zonguldakarge.com\/?page_id=260"},"modified":"2023-02-20T09:48:17","modified_gmt":"2023-02-20T06:48:17","slug":"kentsel-donusum-sureci-2-3-4-3-9","status":"publish","type":"page","link":"https:\/\/www.zonguldakarge.com\/?page_id=260","title":{"rendered":"Zemin Et\u00fcd\u00fc"},"content":{"rendered":"\n<p class=\"has-large-font-size\"><strong>Zemin Et\u00fcd\u00fc<\/strong><\/p>\n\n\n\n<p>Ama\u00e7<\/p>\n\n\n\n<p>1. \u0130n\u015fa olunacak yap\u0131 i\u00e7in uygun temel tipi vederinli\u011fini se\u00e7mek<\/p>\n\n\n\n<p>2. Temel ta\u015f\u0131ma g\u00fcc\u00fcn\u00fcn elde edilmesi<\/p>\n\n\n\n<p>3. Olas\u0131 oturmalar\u0131n tahmini<\/p>\n\n\n\n<p>4. Potansiyel temel problemleri (\u00d6rne\u011fin \u015fi\u015fen,g\u00f6\u00e7ebilen zemin, at\u0131k dolgular\u0131 vb)<\/p>\n\n\n\n<p>5. Su tablas\u0131n\u0131n tayini<\/p>\n\n\n\n<p>6. \u0130stinat yap\u0131lar\u0131 i\u00e7in yanal toprak bas\u0131n\u00e7lar\u0131n\u0131nhesab\u0131<\/p>\n\n\n\n<p>7. De\u011fi\u015fen zemin ko\u015fullar\u0131 i\u00e7in in\u015faat y\u00f6ntemibelirleme<\/p>\n\n\n\n<p>8. \u0130n\u015fa alan\u0131 se\u00e7imi<\/p>\n\n\n\n<p>Zemin inceleme Y\u00f6ntemleri<\/p>\n\n\n\n<p>Muayene \u00e7ukurlar\u0131<\/p>\n\n\n\n<p>Sondajlar<\/p>\n\n\n\n<p>Sondalar<\/p>\n\n\n\n<p>Jeofizik y\u00f6ntemler<\/p>\n\n\n\n<p>Geoteknik Raporlar a\u015fa\u011f\u0131daki bilgileri i\u00e7ermektedir.<\/p>\n\n\n\n<p>1) Zemin Et\u00fcdlerinin Amac\u0131 ve Kapsam\u0131<\/p>\n\n\n\n<p>2) Arazi Durumu<\/p>\n\n\n\n<p>&#8211; Konumu<\/p>\n\n\n\n<p>&#8211; Topo\u011frafik durumu<\/p>\n\n\n\n<p>&#8211; Y\u00fczey bitki \u00f6rt\u00fcs\u00fc<\/p>\n\n\n\n<p>&#8211; Civardaki yap\u0131lar\u0131n durumu 3) Jeolojik Ko\u015fullar<\/p>\n\n\n\n<p>&#8211; Genel jeolojik yap\u0131<\/p>\n\n\n\n<p>&#8211; \u0130n\u015faat alan\u0131n\u0131n jeolojik durumu<\/p>\n\n\n\n<p>4) Arazi Ara\u015ft\u0131rmalar\u0131<\/p>\n\n\n\n<p>&#8211; Sondajlar\u0131n say\u0131s\u0131 ve derinlikleri<\/p>\n\n\n\n<p>&#8211; Ara\u015ft\u0131rma \u00e7ukurlar\u0131<\/p>\n\n\n\n<p>&#8211; Jeofizik ara\u015ft\u0131rmalar<\/p>\n\n\n\n<p>&#8211; Arazi deneyleri ( SPT, CPT, Presyometre, Yerindepermeabilite ..vb)<\/p>\n\n\n\n<p>5) Arazi Zemin Profili ve Yeralt\u0131 Suyu Durumu<\/p>\n\n\n\n<p>6) Laboratuvar Deneyleri<\/p>\n\n\n\n<p>7) Zemin Ko\u015fullar\u0131n\u0131n De\u011ferlendirilmesi<\/p>\n\n\n\n<p>Zemin Modeli ( Geoteknik Modelleme )<\/p>\n\n\n\n<p>&#8211; Basitle\u015ftirilmi\u015f zemin profili ve ba\u015fl\u0131ca tabakalar<\/p>\n\n\n\n<p>&#8211; Arazi ve laboratuvar deneyleri sonu\u00e7lar\u0131na g\u00f6re tabakalar\u0131n geoteknik \u00f6zellikleri<\/p>\n\n\n\n<p>* Mukavemet parametreleri<\/p>\n\n\n\n<p>* Birim hacim a\u011f\u0131rl\u0131klar\u0131<\/p>\n\n\n\n<p>* Oturma parametreleri<\/p>\n\n\n\n<p>* Deformasyon parametreleri<\/p>\n\n\n\n<p>&#8211; Olas\u0131 Bir Deprem S\u0131ras\u0131nda Zemin Tabakalar\u0131n\u0131n Davran\u0131\u015f\u0131<\/p>\n\n\n\n<p>* S\u0131v\u0131la\u015fma olas\u0131l\u0131\u011f\u0131<\/p>\n\n\n\n<p>* Mukavemet ve rijitlik kayb\u0131<\/p>\n\n\n\n<p>8) \u0130n\u015fa Edilecek Yap\u0131n\u0131n \u00d6zellikleri<\/p>\n\n\n\n<p>&#8211; Ta\u015f\u0131y\u0131c\u0131 sistemi ve a\u00e7\u0131kl\u0131klar\u0131<\/p>\n\n\n\n<p>&#8211; Bodrum ve kat say\u0131lar\u0131<\/p>\n\n\n\n<p>9) Temellerin Tasar\u0131m\u0131na \u0130li\u015fkin \u00d6neriler ve Parametreler<\/p>\n\n\n\n<p>&#8211; Alternatif temel sistemleri<\/p>\n\n\n\n<p>&#8211; Tavsiye edilen temel sistemi<\/p>\n\n\n\n<p>&#8211; G\u00fcvenli ta\u015f\u0131ma g\u00fcc\u00fc ( Zemin emniyet gerilmesi )<\/p>\n\n\n\n<p>&#8211; Beklenebilecek oturmalar<\/p>\n\n\n\n<p>&#8211; Kaz\u0131kl\u0131 sistem \u00f6nerilmesi durumunda<\/p>\n\n\n\n<p>* \u00d6nerilen kaz\u0131k \u00e7ap ve boylar\u0131<\/p>\n\n\n\n<p>* Kaz\u0131k ta\u015f\u0131ma g\u00fcc\u00fc parametreleri<\/p>\n\n\n\n<p>* Yanal yataklanma katsay\u0131s\u0131<\/p>\n\n\n\n<p>* Statik ve deprem durumu i\u00e7in g\u00fcvenli ta\u015f\u0131ma g\u00fcc\u00fc( S\u0131v\u0131la\u015fma dikkate al\u0131narak)<\/p>\n\n\n\n<p>&#8211; Deprem y\u00f6netmenli\u011fine uygun yerel zemin s\u0131n\u0131f\u0131 ve TA, TB de\u011ferleri Berilgen 67<\/p>\n\n\n\n<p>10) \u0130n\u015faat \u0130le \u0130lgili Tavsiyeler<\/p>\n\n\n\n<p>&#8211; Kaz\u0131 ve iksa sistemi ile ilgili tavsiyeler<\/p>\n\n\n\n<p>&#8211; Kaz\u0131dan \u00e7\u0131kan malzemenin dolguda kullanabilirli\u011fi<\/p>\n\n\n\n<p>&#8211; Drenaj ve yal\u0131t\u0131m ile ilgili tavsiyeler<\/p>\n\n\n\n<figure class=\"wp-block-image size-full\"><img loading=\"lazy\" decoding=\"async\" width=\"500\" height=\"400\" src=\"http:\/\/www.zonguldakarge.com\/wp-content\/uploads\/2023\/02\/ankraj-1.jpg\" alt=\"\" class=\"wp-image-261\" srcset=\"https:\/\/www.zonguldakarge.com\/wp-content\/uploads\/2023\/02\/ankraj-1.jpg 500w, https:\/\/www.zonguldakarge.com\/wp-content\/uploads\/2023\/02\/ankraj-1-300x240.jpg 300w\" sizes=\"(max-width: 500px) 100vw, 500px\" \/><\/figure>\n\n\n<p><\/p>\n","protected":false},"excerpt":{"rendered":"<p>Zemin Et\u00fcd\u00fc Ama\u00e7 1. \u0130n\u015fa olunacak yap\u0131 i\u00e7in uygun temel tipi vederinli\u011fini se\u00e7mek 2. Temel ta\u015f\u0131ma g\u00fcc\u00fcn\u00fcn elde edilmesi 3. Olas\u0131 oturmalar\u0131n tahmini 4. Potansiyel temel problemleri (\u00d6rne\u011fin \u015fi\u015fen,g\u00f6\u00e7ebilen zemin, at\u0131k dolgular\u0131 vb) 5. Su tablas\u0131n\u0131n tayini 6. \u0130stinat yap\u0131lar\u0131 i\u00e7in yanal toprak bas\u0131n\u00e7lar\u0131n\u0131nhesab\u0131 7. De\u011fi\u015fen zemin ko\u015fullar\u0131 i\u00e7in in\u015faat y\u00f6ntemibelirleme 8. \u0130n\u015fa alan\u0131 se\u00e7imi &hellip; <a href=\"https:\/\/www.zonguldakarge.com\/?page_id=260\" class=\"more-link\">Continue reading<span class=\"screen-reader-text\"> &#8220;Zemin Et\u00fcd\u00fc&#8221;<\/span><\/a><\/p>\n","protected":false},"author":1,"featured_media":0,"parent":0,"menu_order":0,"comment_status":"closed","ping_status":"closed","template":"","meta":{"footnotes":""},"_links":{"self":[{"href":"https:\/\/www.zonguldakarge.com\/index.php?rest_route=\/wp\/v2\/pages\/260"}],"collection":[{"href":"https:\/\/www.zonguldakarge.com\/index.php?rest_route=\/wp\/v2\/pages"}],"about":[{"href":"https:\/\/www.zonguldakarge.com\/index.php?rest_route=\/wp\/v2\/types\/page"}],"author":[{"embeddable":true,"href":"https:\/\/www.zonguldakarge.com\/index.php?rest_route=\/wp\/v2\/users\/1"}],"replies":[{"embeddable":true,"href":"https:\/\/www.zonguldakarge.com\/index.php?rest_route=%2Fwp%2Fv2%2Fcomments&post=260"}],"version-history":[{"count":1,"href":"https:\/\/www.zonguldakarge.com\/index.php?rest_route=\/wp\/v2\/pages\/260\/revisions"}],"predecessor-version":[{"id":262,"href":"https:\/\/www.zonguldakarge.com\/index.php?rest_route=\/wp\/v2\/pages\/260\/revisions\/262"}],"wp:attachment":[{"href":"https:\/\/www.zonguldakarge.com\/index.php?rest_route=%2Fwp%2Fv2%2Fmedia&parent=260"}],"curies":[{"name":"wp","href":"https:\/\/api.w.org\/{rel}","templated":true}]}}