{"id":232,"date":"2023-02-19T15:17:45","date_gmt":"2023-02-19T12:17:45","guid":{"rendered":"http:\/\/www.zonguldakarge.com\/?page_id=232"},"modified":"2023-02-19T15:17:47","modified_gmt":"2023-02-19T12:17:47","slug":"kentsel-donusum-sureci-2-3-4-3-4","status":"publish","type":"page","link":"https:\/\/www.zonguldakarge.com\/?page_id=232","title":{"rendered":"K\u0131lavuzlar"},"content":{"rendered":"\n<p class=\"has-large-font-size\"><strong>K\u0131lavuzlar<\/strong><\/p>\n\n\n\n<p><a href=\"https:\/\/webdosya.csb.gov.tr\/db\/altyapi\/icerikler\/kira-yardimi-kilavuzu-20190513095551.pdf\" target=\"_blank\" rel=\"noreferrer noopener\">Kira Yard\u0131m\u0131 Uygulama K\u0131lavuzu<\/a><\/p>\n\n\n\n<p><a href=\"https:\/\/webdosya.csb.gov.tr\/db\/altyapi\/icerikler\/ek.1-riskli-alan-ilani-ve-uygulamalar-eylul-2019-20191001094316.pdf\" target=\"_blank\" rel=\"noreferrer noopener\">Riskli Alan \u0130lani ve Uygulama K\u0131lavuzu<\/a><\/p>\n\n\n\n<p><a href=\"https:\/\/webdosya.csb.gov.tr\/db\/altyapi\/icerikler\/ek.2-kdgpa-basvuru-kilavuzu-20191001094356.pdf\" target=\"_blank\" rel=\"noreferrer noopener\">5393 Say\u0131l\u0131 Belediye Kanunu Kapsam\u0131nda Kdgpa Teklifi Ba\u015fvuru K\u0131lavuzu<\/a><\/p>\n\n\n<p><\/p>\n","protected":false},"excerpt":{"rendered":"<p>K\u0131lavuzlar Kira Yard\u0131m\u0131 Uygulama K\u0131lavuzu Riskli Alan \u0130lani ve Uygulama K\u0131lavuzu 5393 Say\u0131l\u0131 Belediye Kanunu Kapsam\u0131nda Kdgpa Teklifi Ba\u015fvuru K\u0131lavuzu<\/p>\n","protected":false},"author":1,"featured_media":0,"parent":0,"menu_order":0,"comment_status":"closed","ping_status":"closed","template":"","meta":{"footnotes":""},"_links":{"self":[{"href":"https:\/\/www.zonguldakarge.com\/index.php?rest_route=\/wp\/v2\/pages\/232"}],"collection":[{"href":"https:\/\/www.zonguldakarge.com\/index.php?rest_route=\/wp\/v2\/pages"}],"about":[{"href":"https:\/\/www.zonguldakarge.com\/index.php?rest_route=\/wp\/v2\/types\/page"}],"author":[{"embeddable":true,"href":"https:\/\/www.zonguldakarge.com\/index.php?rest_route=\/wp\/v2\/users\/1"}],"replies":[{"embeddable":true,"href":"https:\/\/www.zonguldakarge.com\/index.php?rest_route=%2Fwp%2Fv2%2Fcomments&post=232"}],"version-history":[{"count":1,"href":"https:\/\/www.zonguldakarge.com\/index.php?rest_route=\/wp\/v2\/pages\/232\/revisions"}],"predecessor-version":[{"id":233,"href":"https:\/\/www.zonguldakarge.com\/index.php?rest_route=\/wp\/v2\/pages\/232\/revisions\/233"}],"wp:attachment":[{"href":"https:\/\/www.zonguldakarge.com\/index.php?rest_route=%2Fwp%2Fv2%2Fmedia&parent=232"}],"curies":[{"name":"wp","href":"https:\/\/api.w.org\/{rel}","templated":true}]}}