{"id":182,"date":"2023-02-17T15:19:07","date_gmt":"2023-02-17T12:19:07","guid":{"rendered":"http:\/\/www.zonguldakarge.com\/?page_id=182"},"modified":"2023-02-17T15:21:33","modified_gmt":"2023-02-17T12:21:33","slug":"kentsel-donusum-sureci-2-3-4-3-2-2","status":"publish","type":"page","link":"https:\/\/www.zonguldakarge.com\/?page_id=182","title":{"rendered":"Mevzuat"},"content":{"rendered":"\n<p class=\"has-large-font-size\"><strong>Mevzuat<\/strong><\/p>\n\n\n\n<ul>\n<li><a href=\"https:\/\/webdosya.csb.gov.tr\/db\/altyapi\/menu\/1-nolu-cumhur-kararnamesi_20191001103909.pdf\" target=\"_blank\" rel=\"noreferrer noopener\">Cumhurba\u015fkanl\u0131\u011f\u0131 Kararnameleri<\/a><\/li>\n\n\n\n<li><a href=\"https:\/\/altyapi.csb.gov.tr\/kanunlar-i-463\" target=\"_blank\" rel=\"noreferrer noopener\">Kanunlar<\/a><\/li>\n\n\n\n<li><a href=\"https:\/\/altyapi.csb.gov.tr\/khk-i-460\" target=\"_blank\" rel=\"noreferrer noopener\">KHK<\/a><\/li>\n\n\n\n<li><a href=\"https:\/\/altyapi.csb.gov.tr\/cumhurbaskani-kararlari-i-106971\" target=\"_blank\" rel=\"noreferrer noopener\">Cumhurba\u015fkan\u0131 Kararlar\u0131<\/a><\/li>\n\n\n\n<li><a href=\"https:\/\/altyapi.csb.gov.tr\/yonetmelikler-i-461\" target=\"_blank\" rel=\"noreferrer noopener\">Y\u00f6netmelikler<\/a><\/li>\n\n\n\n<li><a href=\"https:\/\/altyapi.csb.gov.tr\/taslaklar-i-5991\" target=\"_blank\" rel=\"noreferrer noopener\">Taslaklar<\/a><\/li>\n\n\n\n<li><a href=\"https:\/\/altyapi.csb.gov.tr\/altyapi-yonetmelikleri-i-85411\" target=\"_blank\" rel=\"noreferrer noopener\">Altyap\u0131 Y\u00f6netmelikleri<\/a><\/li>\n<\/ul>\n\n\n\n<figure class=\"wp-block-image size-full\"><img loading=\"lazy\" decoding=\"async\" width=\"891\" height=\"865\" src=\"http:\/\/www.zonguldakarge.com\/wp-content\/uploads\/2023\/02\/12316182_1652874391617453_3017642027498658071_n.jpg\" alt=\"\" class=\"wp-image-158\" srcset=\"https:\/\/www.zonguldakarge.com\/wp-content\/uploads\/2023\/02\/12316182_1652874391617453_3017642027498658071_n.jpg 891w, https:\/\/www.zonguldakarge.com\/wp-content\/uploads\/2023\/02\/12316182_1652874391617453_3017642027498658071_n-300x291.jpg 300w, https:\/\/www.zonguldakarge.com\/wp-content\/uploads\/2023\/02\/12316182_1652874391617453_3017642027498658071_n-768x746.jpg 768w\" sizes=\"(max-width: 891px) 100vw, 891px\" \/><\/figure>\n\n\n<p><\/p>\n","protected":false},"excerpt":{"rendered":"<p>Mevzuat<\/p>\n","protected":false},"author":1,"featured_media":0,"parent":0,"menu_order":0,"comment_status":"closed","ping_status":"closed","template":"","meta":{"footnotes":""},"_links":{"self":[{"href":"https:\/\/www.zonguldakarge.com\/index.php?rest_route=\/wp\/v2\/pages\/182"}],"collection":[{"href":"https:\/\/www.zonguldakarge.com\/index.php?rest_route=\/wp\/v2\/pages"}],"about":[{"href":"https:\/\/www.zonguldakarge.com\/index.php?rest_route=\/wp\/v2\/types\/page"}],"author":[{"embeddable":true,"href":"https:\/\/www.zonguldakarge.com\/index.php?rest_route=\/wp\/v2\/users\/1"}],"replies":[{"embeddable":true,"href":"https:\/\/www.zonguldakarge.com\/index.php?rest_route=%2Fwp%2Fv2%2Fcomments&post=182"}],"version-history":[{"count":3,"href":"https:\/\/www.zonguldakarge.com\/index.php?rest_route=\/wp\/v2\/pages\/182\/revisions"}],"predecessor-version":[{"id":187,"href":"https:\/\/www.zonguldakarge.com\/index.php?rest_route=\/wp\/v2\/pages\/182\/revisions\/187"}],"wp:attachment":[{"href":"https:\/\/www.zonguldakarge.com\/index.php?rest_route=%2Fwp%2Fv2%2Fmedia&parent=182"}],"curies":[{"name":"wp","href":"https:\/\/api.w.org\/{rel}","templated":true}]}}