{"id":124,"date":"2023-02-16T15:54:41","date_gmt":"2023-02-16T12:54:41","guid":{"rendered":"http:\/\/www.zonguldakarge.com\/?page_id=124"},"modified":"2023-02-16T15:54:42","modified_gmt":"2023-02-16T12:54:42","slug":"kentsel-donusum-sureci-2-3-2-2","status":"publish","type":"page","link":"https:\/\/www.zonguldakarge.com\/?page_id=124","title":{"rendered":"Yat\u0131r\u0131m Dan\u0131\u015fmanl\u0131\u011f\u0131"},"content":{"rendered":"\n<p class=\"has-large-font-size\"><strong>Yat\u0131r\u0131m Dan\u0131\u015fmanl\u0131\u011f\u0131<\/strong><\/p>\n\n\n\n<p>Zonguldak Ar-Ge Yap\u0131 olarak sahip oldu\u011fumuz altyap\u0131, et\u00fct, s\u00fcre\u00e7 ve organizasyon tecr\u00fcbelerimizin tamam\u0131n\u0131 sizlerle payla\u015fmaya haz\u0131r\u0131z.<\/p>\n\n\n\n<p><br><strong>Dan\u0131\u015fmanl\u0131k Alanlar\u0131m\u0131z:<\/strong><br>\u2022&nbsp;&nbsp; Yat\u0131r\u0131m yap\u0131lacak arsa y\u00e2da mevcut yap\u0131 et\u00fcd\u00fc, de\u011fer tespiti, b\u00f6lgesel incelemeler, imar incelemesi, in\u015faat s\u00fcreci ve maliyet hesaplar\u0131, hizmet, malzeme, donan\u0131m temini<br>\u2022&nbsp;&nbsp; \u015eube a\u011f\u0131 olan &amp; hedefleyen firmalar i\u00e7in (mevcut\/yeni) \u015fube et\u00fctleri ve gerekli incelemeler<br>\u2022&nbsp;&nbsp; Kentsel D\u00f6n\u00fc\u015f\u00fcm kapsam\u0131nda proje hedefleyen firmalar i\u00e7in s\u00fcre\u00e7 takibi ve organizasyonu<\/p>\n\n\n\n<p><br>Kendinize ait eski bir binan\u0131z var ve yeni bir bina yapmay\u0131 d\u00fc\u015f\u00fcn\u00fcyorsunuz. \u0130\u015fte bu noktada Zonguldak Ar-Ge Yap\u0131 ve SEL\u0130M SARI M\u00dcHEND\u0130SL\u0130K VE DANI\u015eMANLIK olarak sizin en \u00f6nemli yol g\u00f6stereniniz olmak i\u00e7in t\u00fcm tecr\u00fcbemiz ile hizmetinizdeyiz.<\/p>\n\n\n\n<figure class=\"wp-block-image size-full\"><img loading=\"lazy\" decoding=\"async\" width=\"600\" height=\"476\" src=\"http:\/\/www.zonguldakarge.com\/wp-content\/uploads\/2023\/02\/finans.jpg\" alt=\"\" class=\"wp-image-125\" srcset=\"https:\/\/www.zonguldakarge.com\/wp-content\/uploads\/2023\/02\/finans.jpg 600w, https:\/\/www.zonguldakarge.com\/wp-content\/uploads\/2023\/02\/finans-300x238.jpg 300w\" sizes=\"(max-width: 600px) 100vw, 600px\" \/><\/figure>\n","protected":false},"excerpt":{"rendered":"<p>Yat\u0131r\u0131m Dan\u0131\u015fmanl\u0131\u011f\u0131 Zonguldak Ar-Ge Yap\u0131 olarak sahip oldu\u011fumuz altyap\u0131, et\u00fct, s\u00fcre\u00e7 ve organizasyon tecr\u00fcbelerimizin tamam\u0131n\u0131 sizlerle payla\u015fmaya haz\u0131r\u0131z. Dan\u0131\u015fmanl\u0131k Alanlar\u0131m\u0131z:\u2022&nbsp;&nbsp; Yat\u0131r\u0131m yap\u0131lacak arsa y\u00e2da mevcut yap\u0131 et\u00fcd\u00fc, de\u011fer tespiti, b\u00f6lgesel incelemeler, imar incelemesi, in\u015faat s\u00fcreci ve maliyet hesaplar\u0131, hizmet, malzeme, donan\u0131m temini\u2022&nbsp;&nbsp; \u015eube a\u011f\u0131 olan &amp; hedefleyen firmalar i\u00e7in (mevcut\/yeni) \u015fube et\u00fctleri ve gerekli incelemeler\u2022&nbsp;&nbsp; &hellip; <a href=\"https:\/\/www.zonguldakarge.com\/?page_id=124\" class=\"more-link\">Continue reading<span class=\"screen-reader-text\"> &#8220;Yat\u0131r\u0131m Dan\u0131\u015fmanl\u0131\u011f\u0131&#8221;<\/span><\/a><\/p>\n","protected":false},"author":1,"featured_media":0,"parent":0,"menu_order":0,"comment_status":"closed","ping_status":"closed","template":"","meta":{"footnotes":""},"_links":{"self":[{"href":"https:\/\/www.zonguldakarge.com\/index.php?rest_route=\/wp\/v2\/pages\/124"}],"collection":[{"href":"https:\/\/www.zonguldakarge.com\/index.php?rest_route=\/wp\/v2\/pages"}],"about":[{"href":"https:\/\/www.zonguldakarge.com\/index.php?rest_route=\/wp\/v2\/types\/page"}],"author":[{"embeddable":true,"href":"https:\/\/www.zonguldakarge.com\/index.php?rest_route=\/wp\/v2\/users\/1"}],"replies":[{"embeddable":true,"href":"https:\/\/www.zonguldakarge.com\/index.php?rest_route=%2Fwp%2Fv2%2Fcomments&post=124"}],"version-history":[{"count":1,"href":"https:\/\/www.zonguldakarge.com\/index.php?rest_route=\/wp\/v2\/pages\/124\/revisions"}],"predecessor-version":[{"id":126,"href":"https:\/\/www.zonguldakarge.com\/index.php?rest_route=\/wp\/v2\/pages\/124\/revisions\/126"}],"wp:attachment":[{"href":"https:\/\/www.zonguldakarge.com\/index.php?rest_route=%2Fwp%2Fv2%2Fmedia&parent=124"}],"curies":[{"name":"wp","href":"https:\/\/api.w.org\/{rel}","templated":true}]}}